f v?
1
Let o(v) = 18*v + 186. What is the tens digit of o(65)?
5
Let d(o) = -o**3 - 8*o**2 - 6*o + 9. Let r be d(-7). Suppose -4 + 68 = r*u. What is the units digit of u?
2
Let p be (-2263)/(-5) - (-8)/20. Let o = p + -227. What is the units digit of o?
6
What is the tens digit of 12/(-16)*(-964 + 0)?
2
Let g = 75 - -868. What is the hundreds digit of g?
9
Let c = 477 + 80. What is the hundreds digit of c?
5
Let d(u) = -10 + 9*u + 3*u - 4 - 6. What is the hundreds digit of d(11)?
1
Let o be 0 - -6*5/(-10). What is the units digit of (o/2)/(21/(-532))?
8
Suppose -8 - 7 = -3*f. Suppose 3*u + 3 = -3*z, -2*z + 29 = -z - f*u. What is the units digit of ((-2)/(-5))/(z/60)?
6
Let b(n) be the second derivative of -4*n**2 - 1/12*n**4 - 7*n - 5/3*n**3 + 0. What is the units digit of b(-8)?
8
Let f be (7 - 0) + (-12)/4. Let j(x) = -1 + f*x**2 - 6*x**2 + 2*x**2 - 4*x + 6*x**2. What is the tens digit of j(3)?
4
What is the units digit of 6/2 - (4 - (191 - 6))?
4
Suppose 2*h - w - 3559 = 0, 6*h - 11*h + 8865 = 4*w. What is the tens digit of h?
7
Suppose -d + 0*d + 2*n = -10, 0 = 2*d + 5*n - 11. Suppose 4*o = d, -4 = q - 0*q - 4*o. Suppose 24 = q*b + 12. What is the units digit of b?
3
Suppose j - 191 = -4*l, -5*l + 27 = 5*j - 208. What is the units digit of ((-12)/(-9))/(4/l)?
6
Let x = -2 - -5. Suppose -3*j + 6*j - 234 = 2*y, -x*y = 5*j - 390. What is the tens digit of j?
7
What is the tens digit of 20*(2 - 1 - 121/(-4))?
2
Let b = 87 - 144. Let t = 100 + b. What is the tens digit of t?
4
Let m(u) = u**3 - u**2 + 2*u - 4. Let w be m(2). Let v = w - -140. What is the units digit of v?
4
Let n = -1421 - -2936. What is the thousands digit of n?
1
Suppose 5*p - w = -2*w + 183, -2*p + w = -69. Suppose -19 = j - 0*a + 3*a, -3*j = 2*a + p. What is the tens digit of j/(21/(-6) - -3)?
2
Let z(j) = -2*j**3 - 2*j**2 - 5. Let l be z(-3). Suppose 288 = l*k - 27*k. What is the tens digit of k?
7
Let m(l) = l + 19. Let o be m(-17). Suppose -56 = o*t - 156. What is the tens digit of t?
5
Suppose g + 2 - 7 = 0. Suppose g*f = 20, 5*i - 2*i = 4*f - 52. What is the tens digit of 600/27 + i/54?
2
Let h(j) = 37*j + 2. Suppose 9 = 5*g - 1. What is the units digit of h(g)?
6
Let p = 161 - 120. Let k = 1 + 0. Suppose 2*g - k = p. What is the units digit of g?
1
Let t be 1/(-2) + 627/22. Suppose 5*d + z + 12 = 3*z, -4*d - 3*z = t. What is the units digit of d/28 - 240/(-14)?
7
Let c be ((-72)/(-60))/(3/(-10)). What is the tens digit of ((-6)/c)/(2/24)?
1
Let t(a) = a**3 + 26*a**2 - 9*a - 48. What is the units digit of t(-12)?
6
Let c(q) = -4*q**3 - 2*q**2 - 6*q - 9. Let a be c(-6). Suppose -7*u + a = 2*u. What is the tens digit of u?
9
Suppose 4*s - 2296 - 792 = 0. What is the tens digit of s?
7
Let c = 2 + 0. Suppose 0 = -c*k + j + 9, -5*j - 21 = -6. Suppose -5*w - 97 = -3*n, n + k*n + 3*w = 139. What is the tens digit of n?
3
Suppose 5*q - 363 = 87. What is the units digit of q?
0
Suppose 12*b - 21300 = 6*b. What is the units digit of b?
0
Let d(t) = 18*t - 6. Let l be d(4). Let q(y) = -2*y - 4. Let i be q(-3). Suppose u + 5*x - l = -2*u, u = -i*x + 22. What is the units digit of u?
2
Let a(c) be the second derivative of 0 - 3/2*c**3 + 7*c + 9/2*c**2 + 1/12*c**4. What is the units digit of a(10)?
9
Suppose -4*a - 4*b = 32, 4*a + 3*b + 24 = b. Let o = a + 8. What is the units digit of o?
4
Suppose 9*m + 3 = 6*m, 3*s - 119 = 2*m. Suppose -4*n - f + 234 = s, n = f + 55. What is the tens digit of n?
5
Let r(u) be the first derivative of -71*u**2/2 + 8*u + 4. What is the units digit of r(-2)?
0
Let q be -9 + 15 + (0 - -1). Suppose 5*o + q - 22 = 0. What is the units digit of o?
3
Let q be 19 + (-6)/8*-4. Let c = -1 + q. What is the units digit of c?
1
Let s be (-4)/((-2)/(-15)*-3) - 1. Suppose 4*u - 2*n = 362, 2*n = s - 3. What is the tens digit of u?
9
Let p(y) = -y**3 + 5*y**2 - 4*y - 3. Let a be p(3). Suppose -3*o = a*q + 3, 0 = -6*q + q - 10. Let v = o + 0. What is the units digit of v?
1
Let g = -5726 + 8271. What is the thousands digit of g?
2
Let b be 6*6/(-27)*3. Let f be (b - -5) + 6 + 1. What is the units digit of (124/f)/1*2?
1
Let t(c) = c + 17. Let q be t(-5). Suppose 4 = -4*u + q. Suppose a + u*a = 45. What is the units digit of a?
5
Let q = -1075 - -1086. What is the tens digit of q?
1
Let w(c) = -9*c. Let g be w(-8). Suppose -165 = -3*t + g. What is the tens digit of t?
7
Suppose -804 = 9*q - 3513. What is the hundreds digit of q?
3
Let n = -70 + 538. What is the units digit of n?
8
Let a(b) = b**3 - 5*b + 5. Let q be a(2). What is the tens digit of ((-3)/q)/((-2)/144)?
7
Let v = -22 - -41. Let x = v + -3. Suppose o = 8 + x. What is the units digit of o?
4
Let h = -1743 - 1247. What is the units digit of (-2)/9 - h/90?
3
Let j(y) = -2*y**3 + 17*y**2 + y + 3. Let r(o) = -o**3 + 8*o**2 + 1. Let t(q) = -2*j(q) + 5*r(q). What is the tens digit of t(5)?
1
Let k be 73*(-1)/4 - (-9)/36. Let x(m) = m**2 - 5*m - 7. Let h be x(5). Let o = h - k. What is the tens digit of o?
1
Suppose u + b - 9 = 3*u, -12 = 2*u - 4*b. What is the tens digit of -1 - 1 - 340/u?
8
Let k = 1882 + 1309. What is the thousands digit of k?
3
Let j(l) = 7*l**3 + l**2 - 4*l + 3. Let a be j(2). Let v = -89 + a. What is the tens digit of 2/(((-16)/v)/4)?
1
What is the units digit of (-6)/(-14) + -1 - (-42548)/77?
2
Let g(w) = 3*w + 7. Let a(o) = -4*o - 11. Let n(y) = -5*a(y) - 7*g(y). What is the units digit of n(1)?
5
What is the hundreds digit of 2/(-13) - (-167110)/221?
7
Suppose 2 = -2*a - 2*h - 2*h, -5*a = 4*h - 7. Let b(w) be the third derivative of 7*w**4/12 - w**3/6 + w**2. What is the units digit of b(a)?
1
Let w = 14702 + -8723. What is the units digit of w?
9
Let o(r) be the third derivative of -5*r**4/8 - 6*r**2. Let z be o(-1). Suppose -g + 13 = -z. What is the units digit of g?
8
Let h = 1 + -12. Let z = 24 - h. What is the units digit of z?
5
Let r = -420 - -599. What is the tens digit of r?
7
What is the units digit of ((-1560)/546)/(1/(-623))?
0
Let t(b) be the third derivative of -b**4/3 - 7*b**3/6 + 12*b**2. What is the tens digit of t(-5)?
3
Let l be -4*((-3)/(-2) - 2). Suppose 7*n - l*n = 150. Suppose 5*a = 3*a - 5*d + 73, n = a - 4*d. What is the units digit of a?
4
Let d(y) = -y + 36. Let x(t) = 7. Let z(j) = -2*d(j) + 11*x(j). Let b = 44 + -38. What is the tens digit of z(b)?
1
Suppose -b = -3*f - 2*f + 193, 3*b + 199 = 5*f. Let x = f - -24. What is the tens digit of x?
6
Suppose 23*x = 22*x. Suppose 5*g - 375 = 2*j, -3*g + j + 3*j + 225 = x. What is the units digit of g?
5
Let r(o) = 67*o - 58. What is the units digit of r(3)?
3
Let d(b) = -21*b + 2. Let v(h) be the second derivative of -31*h**3/3 + 7*h**2/2 + 2*h. Let k(n) = -8*d(n) + 3*v(n). What is the units digit of k(-2)?
1
Let a be (-12)/(-6)*(-30)/4. Let v = 48 + a. What is the tens digit of 2 - (4 + v)/(-1)?
3
Let s(r) = -r**3 - 8*r**2 + 4*r - 13. Let i(d) = -d - 4. Let b be i(5). What is the tens digit of s(b)?
3
Let w(r) = 46*r**2 + 4*r - 30. What is the tens digit of w(-6)?
0
Let y(h) = -h**2 - 3*h + 9. Let j be y(2). What is the hundreds digit of 11788/112 + j/4?
1
Let s(h) = h**3 + 5*h**2 - 2*h - 2. Suppose 3*q = 9 + 9. Suppose x - 3 = -q. What is the tens digit of s(x)?
2
Suppose -10 = 2*n - 6. Let g(l) = -3*l**3 - 2*l - 1. What is the units digit of g(n)?
7
Suppose -3*u - 3 = -57. Suppose -2*f - u = f. Let x(s) = -6*s. What is the tens digit of x(f)?
3
Let n be 10*(2 - 3/2). What is the units digit of 37 + 1 - (-5)/n?
9
Let h(t) = 13*t**2 + 11*t + 34. What is the hundreds digit of h(-5)?
3
Suppose 5*m + 5*k - 95 = 0, -14*m + 15*m - 13 = 5*k. What is the units digit of m?
8
Suppose -5*t + 7849 = 3*s, 5*t = 7*s - 6*s + 7857. What is the tens digit of t?
7
Let c(q) = 2*q**2 + 8*q + 12. Let b be c(-5). Let s = b + 8. Let g = 42 + s. What is the tens digit of g?
7
Suppose 0*x - 3*x = 4*a - 1, 0 = x + a - 1. Suppose 4*l + l - m = -100, x*l + 4*m = -83. Let n = l + 42. What is the tens digit of n?
2
Suppose -3*v - 9 = -0*v. Let j be (-3*35)/(v/(-4)). What is the units digit of (8/20)/((-1)/j)?
6
Let r(a) = -a**3 - 2*a**2 - a + 2. Let n be r(0). Suppose -2*j = f - 35 - n, 4*j - 65 = f. What is the tens digit of j?
1
Let y = -1692 + 2338. What is the units digit of y?
6
Suppose -2930 = -5*b + 3240. What is the thousands di